?
True
Is 23 a factor of 95173?
False
Is 164 a factor of 231589?
False
Is 55720 a multiple of 73?
False
Does 79 divide 2984173?
False
Is 116 a factor of 108686?
False
Is 81189 a multiple of 8?
False
Is 35 a factor of 1355900?
True
Is 37 a factor of 118472?
False
Is 128688 a multiple of 4?
True
Is 660840 a multiple of 12?
True
Is 155 a factor of 105700?
False
Does 407 divide 1311339?
False
Is 44590 a multiple of 16?
False
Is 531 a factor of 1367288?
False
Is 12031911 a multiple of 111?
False
Does 267 divide 724150?
False
Is 24 a multiple of 8?
True
Is 571 a factor of 9759140?
False
Is 548 a factor of 2462261?
False
Is 404936 a multiple of 66?
False
Is 164580 a multiple of 12?
True
Does 126 divide 1326906?
True
Is 4861134 a multiple of 222?
True
Is 599488 a multiple of 272?
True
Does 20 divide 6260860?
True
Is 93 a factor of 1828601?
False
Is 13452650 a multiple of 236?
False
Does 10 divide 182195?
False
Is 97410 a multiple of 34?
True
Is 13340 a multiple of 29?
True
Does 7 divide 3258794?
True
Is 1297 a factor of 17010222?
False
Is 6 a factor of 7335?
False
Does 7 divide 174972?
True
Is 1874328 a multiple of 8?
True
Does 42 divide 32529?
False
Does 409 divide 1510846?
True
Is 54 a factor of 7861212?
True
Is 498316 a multiple of 37?
True
Is 583 a factor of 3255472?
True
Is 202617 a multiple of 141?
True
Does 26 divide 26630269?
False
Does 45 divide 40113?
False
Is 726 a factor of 22219026?
False
Does 25 divide 30462?
False
Is 936438 a multiple of 71?
False
Is 25 a factor of 12399725?
True
Does 4 divide 5498928?
True
Is 75176 a multiple of 7?
False
Does 501 divide 2647785?
True
Is 30 a factor of 6729?
False
Does 21 divide 133707?
True
Is 13 a factor of 399307?
False
Does 164 divide 1804?
True
Is 4308299 a multiple of 637?
False
Is 2564617 a multiple of 912?
False
Does 27 divide 214488?
True
Is 265430 a multiple of 635?
True
Is 802 a factor of 26077925?
False
Is 3582416 a multiple of 86?
True
Does 11 divide 1028036?
False
Is 14 a factor of 251384?
True
Is 359611 a multiple of 179?
True
Does 936 divide 5059080?
True
Does 123 divide 793598?
False
Is 356 a factor of 704994?
False
Does 15 divide 288331?
False
Does 131 divide 4716?
True
Is 26186619 a multiple of 52?
False
Does 180 divide 4332?
False
Is 34 a factor of 1565550?
False
Is 146192 a multiple of 16?
True
Does 91 divide 475600?
False
Is 1963426 a multiple of 452?
False
Is 3511798 a multiple of 38?
False
Is 33 a factor of 2863671?
False
Does 9 divide 3413895?
False
Is 6029706 a multiple of 82?
True
Is 901896 a multiple of 24?
True
Does 151 divide 6154156?
True
Is 3 a factor of 16236?
True
Does 86 divide 5121816?
True
Is 18945410 a multiple of 1595?
True
Does 175 divide 1442367?
False
Is 5895 a multiple of 23?
False
Does 28 divide 89985?
False
Is 110389 a multiple of 617?
False
Is 1147351 a multiple of 11?
False
Is 33730 a multiple of 21?
False
Is 2810169 a multiple of 1221?
False
Is 12 a factor of 1428984?
True
Is 269245 a multiple of 111?
False
Is 2298226 a multiple of 15?
False
Does 15 divide 6405?
True
Is 48 a factor of 106176?
True
Does 70 divide 403550?
True
Does 890 divide 13730920?
True
Is 2 a factor of 24642?
True
Is 196459 a multiple of 9?
False
Does 3 divide 60380?
False
Is 819060 a multiple of 20?
True
Is 428 a factor of 3182213?
False
Is 612828 a multiple of 261?
True
Does 4 divide 395212?
True
Does 27 divide 1011663?
True
Does 25 divide 2152016?
False
Does 55 divide 888914?
False
Is 15234000 a multiple of 250?
True
Is 57 a factor of 558511?
False
Does 613 divide 461589?
True
Is 7 a factor of 1726634?
True
Does 107 divide 141026?
True
Is 25 a factor of 3187707?
False
Is 37 a factor of 541477?
False
Is 8 a factor of 1004041?
False
Does 92 divide 3370144?
True
Is 1272039 a multiple of 18?
False
Is 9531259 a multiple of 798?
False
Is 800256 a multiple of 16?
True
Is 112 a factor of 396592?
True
Is 43 a factor of 248067?
True
Is 79945 a multiple of 7?
False
Does 9 divide 11469776?
False
Does 13 divide 117130?
True
Is 5 a factor of 292858?
False
Does 10 divide 989602?
False
Does 9 divide 283122?
True
Is 75 a factor of 23539?
False
Is 120 a factor of 13320?
True
Is 135563 even?
False
Does 12 divide 5522174?
False
Is 101 a factor of 119988?
True
Is 1095137 a multiple of 265?
False
Is 11 a factor of 198580?
False
Does 531 divide 1029609?
True
Is 6 a factor of 414972?
True
Does 148 divide 1113848?
True
Is 16611465 a multiple of 65?
True
Does 117 divide 1755782?
False
Does 383 divide 533084?
False
Is 98 a factor of 1004108?
True
Does 5 divide 136081?
False
Does 379 divide 1970848?
False
Is 32 a factor of 77541?
False
Is 400056 a multiple of 69?
False
Is 158796 a multiple of 6?
True
Does 161 divide 58032?
False
Is 2400912 a multiple of 183?
False
Is 450 a factor of 2177157?
False
Is 5 a factor of 783218?
False
Does 43 divide 56975?
True
Is 100850 a multiple of 10?
True
Is 35 a factor of 6934550?
True
Is 1219650 a multiple of 15?
True
Does 40 divide 145624?
False
Does 785 divide 2485310?
True
Is 410 a factor of 553229?
False
Is 2305 a factor of 6122669?
False
Is 145 a factor of 88885?
True
Does 12 divide 39396?
True
Is 17 a factor of 1488027?
True
Is 30 a factor of 3116910?
True
Does 97 divide 2263495?
True
Is 590950 a multiple of 265?
True
Is 1427739 a multiple of 235?
False
Does 9 divide 9262296?
True
Is 7 a factor of 1533499?
False
Is 94 a factor of 2052960?
True
Is 64 a factor of 14585157?
False
Does 1220 divide 2315977?
False
Does 5 divide 305993?
False
Is 19 a factor of 1816951?
True
Is 4747700 a multiple of 197?
True
Does 21 divide 62366?
False
Is 458 a factor of 15029?
False
Does 334 divide 207037?
False
Is 253 a factor of 164385?
False
Is 275 a factor of 1301345?
False
Is 847 a factor of 600407?
False
Does 98 divide 285003?
False
Does 185 divide 1206755?
True
Does 86 divide 3254412?
True
Does 15 divide 78228?
False
Does 57 divide 2119591?
False
Is 222250 a multiple of 250?
True
Is 789993 a multiple of 43?
False
Does 104 divide 1766553?
False
Does 24 divide 308060?
False
Does 74 divide 2892068?
True
Is 83 a factor of 19086534?
False
Is 348970 a multiple of 10?
True
Is 18461608 a multiple of 1544?
True
Is 9407223 a multiple of 108?
False
Does 772 divide 915970?
False
Is 22 a factor of 1410266?
True
Is 11 a factor of 1397?
True
Is 7789 even?
False
Does 12 divide 177551?
False
Does 11 divide 2147216?
False
Is 19 a factor of 2779021?
False
Is 13764999 a multiple of 807?
True
Is 490 a factor of 4938710?
True
Is 289083 a multiple of 76?
False
Is 9 a factor of 639789?
False
Is 49 a factor of 122515?
False
Is 5315440 a multiple of 520?
True
Does 388 divide 648516?
False
Is 969866 a multiple of 148?
False
Is 152 a factor of 789968?
False
Does 19 divide 9750248?
False
Is 22 a factor of 1162128?
True
Is 19 a factor of 382088?
False
Is 321057 even?
False
Is 42 a factor of 1061760?
True
Is 153 a factor of 375462?
True
Is 11 a factor of 22814?
True
Does 261 divide 18651370?
False
Does 25 divide 991528?
False
Is 26 a factor of 142957?
False
Is 11872642 a multiple of 638?
False
Is 2406286 a multiple of 6?
False
Does 13 divide 263986?
False
Is 708234 a multiple of 246?
True
Does 119 divide 539308?
True
Is 1783327 a multiple of 13?
True
Is 940601 a multiple of 502?
False
Does 735 divide 15940294?
False
Is 330 a factor of 1030258?
False
Does 50 divide 440129?
False
Is 744633 a multiple of 141?
False
Is 155 a factor of 23301150?
True
Is 724 a factor of 14708784?
True
Is 21 a factor of 1817319?
True
Is 191 a factor of 10887?
True
Does 446 divide 1896392?
True
Does 43 divide 338883?
True
Does 15 divide 1581563?
False
Does 6 divide 10266?
True
Does 110 divide 38853?
False
Does 632 divide 2646184?
True
Does 616 divide 1527064?
True
Is 4612745 a multiple of 999?
False
Is 2065 a multiple of 4?
False
Is 814922 a multiple of 6?
False
Is 486 a factor of 5811?
False
Is 207946 a multiple of 52?
False
Is 176052 a multiple of 51?
True
Does 18 divide 656532?
True
Does 392 divide 5596726?
False
Is 71 a factor of 481012?
False
Does 22 divide 2701703?
False
Does 70 divide 231560?
True
Does 170 divide 69360?
True
Is 29210 a multiple of 5?
True
Is 6 a factor of 1616811?
False
Does 402 divide 631376?
False
Is 849 a factor of 325249?
False
Does 288 divide 503946?
False
Is 225927 a multiple of 13?
True
Is 265 a factor of 9